+ 18 - 6. Suppose -6 = n*q - 48. List the prime factors of q.
3, 7
Suppose -4*z + z - 2*n + 14 = 0, 4*n = -2*z + 12. Suppose z = -2*h + 58. Suppose 2*q - 5*k + 1 = 0, -2*q + 12 = 3*k - h. List the prime factors of q.
2, 3
Let g(i) = 27*i**2 - 2*i - 1. What are the prime factors of g(-1)?
2, 7
Let g = 79 + -40. What are the prime factors of g?
3, 13
Let j = -49 + 74. What are the prime factors of j?
5
Suppose a + 55 = 6*a. What are the prime factors of a?
11
Let f = -5 + 4. Let v = f - -4. Suppose g - 8 = -v*g. What are the prime factors of g?
2
Let w = 103 + -15. List the prime factors of w.
2, 11
Suppose 2*f - 5*f - 15 = 0. Let p = f - -16. Suppose -3*a + 17 = x + x, 3*a - 4*x = p. What are the prime factors of a?
5
Let h = 6 - 3. Let x = h - -12. Let a = 31 - x. List the prime factors of a.
2
Suppose 9*c - 8*c = 3. Suppose -183 = -c*v - 33. What are the prime factors of v?
2, 5
Let i(f) = 17*f**3 - 2*f**2 + 6*f - 4. List the prime factors of i(2).
2, 17
Let w be 1*-2 + (-10)/(-1). Let m be ((-10)/w)/((-4)/(-16)). What are the prime factors of (-10)/4*8/m?
2
Let v be 12*(-1 + 1/2). What are the prime factors of v - -5 - (-26)/2?
2, 3
Let h(b) be the first derivative of -4*b**4 + b**2 + b + 3. Let r be h(-1). Let y = 1 + r. List the prime factors of y.
2
Let q = 113 + -80. What are the prime factors of q?
3, 11
Suppose 147 = 7*z - 2030. List the prime factors of z.
311
Let h(t) = 2*t**2 - 30*t - 19. List the prime factors of h(18).
89
Suppose 3*s + 4 = 7*s + 3*r, 4*r - 16 = 0. Let x be 9 + -2 + (-2)/s. Suppose -3*o + 28 = o - 3*f, -x = 2*f. List the prime factors of o.
2
Suppose 136 = 3*t + 5*t. List the prime factors of t.
17
Let j be (14 - 2/2) + -2. Let h = 8 + j. What are the prime factors of h?
19
Let n(m) = -m**2 + 21*m - 27. List the prime factors of n(14).
71
Suppose 0 = -3*m + 51 + 117. List the prime factors of m.
2, 7
Let u(r) = -53*r - 4. What are the prime factors of u(-2)?
2, 3, 17
Let x be 4*(-2 + (-15)/(-6)). Let f(z) = -z**2 + 2*z + z**3 + 0*z - 3*z. What are the prime factors of f(x)?
2
Suppose -3*s + 28 = 3*h - 20, 2*h + 8 = 0. What are the prime factors of s?
2, 5
Let n be 10/6*(2 - -1). Let a(t) = 7*t - 3*t**2 - 2*t**2 + 4*t**2. What are the prime factors of a(n)?
2, 5
Let d(z) = z + 8. Let p be d(-8). Suppose -2*j + 3 - 47 = p. What are the prime factors of (2 + 0)/((-4)/j)?
11
Let n = 46 - 1. What are the prime factors of n?
3, 5
Let t(g) = 27*g - 15. List the prime factors of t(5).
2, 3, 5
Suppose 172 = m - 80. What are the prime factors of m?
2, 3, 7
Suppose -4*m - 9 = -m. Let q = m - -7. Suppose -4*h - 2*k = -2*h - 42, -q*h = k - 75. List the prime factors of h.
2, 3
Suppose g - 1 = 1. Suppose -g*i = -s + 10, 4*s + i + i = 60. What are the prime factors of s?
2, 7
Let j(s) = -s**3 + 8*s**2 - 8*s - 4. Suppose 2*w + 3*w = 30. List the prime factors of j(w).
2, 5
Suppose 2*q = -5*t + 1823, -q = -5*t + 202 + 1624. List the prime factors of t.
5, 73
Suppose -7*x = -9*x + 36. What are the prime factors of x?
2, 3
Let s be (-4 - 0)/(2/39). Let q = s - -117. What are the prime factors of q?
3, 13
Let l(p) = p**2 - 8*p + 6. What are the prime factors of l(10)?
2, 13
Let y(w) = -3*w**2 + 4*w - 1. Let b be y(3). Let h = b - -35. What are the prime factors of h?
19
Let x be ((-2)/5)/((-2)/10). Let f = 14 - 8. Suppose s - x*s = -f. List the prime factors of s.
2, 3
Let q(o) = -2*o + 21. Let a be q(9). Suppose w = a*w - 84. What are the prime factors of w?
2, 3, 7
Suppose -2 - 13 = -5*v. Let r = v - 3. Suppose r + 3 = h. List the prime factors of h.
3
List the prime factors of (-7)/(14/(-6)) + 31 - -1.
5, 7
Suppose r - 9 = -2*r. Let p = r - 16. Let v = p - -26. List the prime factors of v.
13
Suppose 10 = -2*r + 96. List the prime factors of r.
43
Let j be ((-168)/(-15))/(-4)*-15. Suppose -2*a = a - j. List the prime factors of a.
2, 7
Let d(i) = -5*i + 26*i - 3*i. List the prime factors of d(1).
2, 3
Let f = 37 - 3. Suppose 0*c = -2*b + c + 13, 4*b - 29 = 3*c. Suppose -b*s + 6 = -f. List the prime factors of s.
2
Suppose -219 - 540 = -3*r. List the prime factors of r.
11, 23
Let s(m) = 2*m**2 + 7*m - 3. What are the prime factors of s(6)?
3, 37
Let q = -538 + 843. List the prime factors of q.
5, 61
Let w(k) = k**2 - 6 - k + 3*k + k. Let p be w(-5). Let h = 10 - p. List the prime factors of h.
2, 3
Suppose 3*v = -2*y + v + 24, -4*y - 3*v = -47. List the prime factors of y.
11
Let o = 3 + 3. Suppose -l + o = 3*c, 0 = c + 3*c - 5*l - 27. Suppose c*u - 6*u = -48. What are the prime factors of u?
2
Let j(i) = -i. List the prime factors of j(-2).
2
Let p be 4/(-3 + 8 + -3). What are the prime factors of p - (1 - -41)/(-2)?
23
Let s be (-55)/5 - (0 - 1). Let k = s - -28. List the prime factors of k.
2, 3
Suppose i + 4 = -3*s, -3*i = -4*s + 45 - 20. Let j(u) be the third derivative of -u**5/60 - 5*u**4/12 - u**3/2 - u**2. List the prime factors of j(i).
2, 3
Let q(r) = -r**2 - 5*r - 1. Let j(k) = 4 + 5*k**2 + k**3 + 7*k - k + 0. Let s be j(-4). List the prime factors of q(s).
3
Suppose 2*h - 6 = 3*h. Let t be 8 + 1 + 0 + -1. Let l = h + t. What are the prime factors of l?
2
Let t(d) = -d**2 - 10*d - 11. Let y be t(-8). Suppose -y*a = 22 - 57. What are the prime factors of a?
7
Suppose 4*v - 1 = 5*v. Let m(f) = -6*f - 2. Let w(i) = 6*i + 3. Let a(l) = 3*m(l) + 2*w(l). List the prime factors of a(v).
2, 3
Let v(c) = -2*c - 18. List the prime factors of v(-12).
2, 3
Let l(a) = 56*a + 2. List the prime factors of l(1).
2, 29
Suppose -o + 6*o = 10. Suppose 2*l - 18 = -o. What are the prime factors of l?
2
Let m = -73 + 200. List the prime factors of m.
127
Suppose 2*z = -0*z + 6. Let r = -1 + 4. Suppose z*g - 9 = r. List the prime factors of g.
2
Let r = 16 - -22. What are the prime factors of r?
2, 19
Let m = 74 + -25. List the prime factors of m.
7
Let p = 10 + -9. What are the prime factors of p/(3/30) + -3?
7
Suppose 0 = -5*t + 17 + 18. Suppose 2*m + m + 21 = 0. List the prime factors of (-2)/t + (-79)/m.
11
Let x = -18 - -13. Let o(i) = i**2 + 3*i - 2. Let r be o(-3). Let m = r - x. List the prime factors of m.
3
Let d(y) = 3*y**2 - 5*y - 10. Let i be d(13). What are the prime factors of i/20 + 2/5?
2, 11
Suppose -q - r + 2*r = -1, 4*r = -4*q + 20. Let k(o) = -o**2 + 4*o - 3. Let i be k(q). List the prime factors of 7*(-2 + i + 3).
7
Suppose p + g - 3 + 7 = 0, -p - 14 = 3*g. Let l be (-10)/p*6/(-15). Suppose -l*b + 4 = -48. What are the prime factors of b?
13
Suppose -15 = -5*s - 2*n + 9, -2*s - n + 9 = 0. Suppose 5*r + 34 = -s. Let k = 3 - r. List the prime factors of k.
11
Let r = -9 - -6. Let q = 10 + -1. Let m = q + r. List the prime factors of m.
2, 3
Let r(b) = b**3 + 6*b**2 + 3*b - 1. Let v be r(-5). Suppose l = -5*w + v, w = l + 3*l - 15. List the prime factors of l.
2
Suppose 4*w - p = 157, -3*w - p + 3*p = -119. What are the prime factors of w?
3, 13
Let n(l) = l**3 - l**2 + 10. Let v(d) = d**3 + 2*d**2 - 2*d + 3. Let b be v(-3). What are the prime factors of n(b)?
2, 5
Let o = -9 - -4. Let z(v) = 5*v**2 + 6*v + 6. Let b be z(o). Suppose -4*q + 4*g + 11 = -3*q, 3*g = -4*q + b. What are the prime factors of q?
23
Suppose 0 = 3*z - 4*k - 77, 0*k = -3*z + k + 71. What are the prime factors of z?
23
Let i = -7 + 2. List the prime factors of (-62)/i - (-9)/15.
13
Let b = 1 - 3. List the prime factors of 11/b*(-6)/3.
11
Let q(v) = -v**2 - v + 3. Let i be q(0). List the prime factors of i/(3 - 2) + 6.
3
Let v = -11 - -9. What are the prime factors of 14/4*(0 - v)?
7
Suppose -15 = 3*s + 5*k, -6*k - 5 = s - k. Let p(y) = 5*y - 2. Let v be p(s). Let w = -15 - v. List the prime factors of w.
2, 3
Let c be 2*(-1 - (-189)/6). Suppose -c + 166 = 5*u. List the prime factors of u.
3, 7
Suppose -120 + 40 = 2*l. Let i be 2/3 + l/(-12). Suppose n - i = 5. List the prime factors of n.
3
Let c(w) = -w**2 + 3*w + 2. Let f be c(4). List the prime factors of f/6 - (-58)/3.
19
Suppose -x = -14*x + 1248. List the prime factors of x.
2, 3
What are the prime factors of (1 + -2)*150/(-5)?
2, 3, 5
Let w(y) = -y**3 + 9*y**2 - 7*y - 6. Suppose -4*h + 24 = -h. Let a be w(h). Suppose -4*j + 12 = g - 10, 34 = 4*g - a*j. What are the prime factors of g?
2, 5
Let l(h) = 3*h**2 - h**3 + 3*h - 8*h**2 - 1 - 8*h - 1. List the prime factors of l(-5).
23
Let o(b) be